{"id":390,"date":"2025-06-03T22:24:10","date_gmt":"2025-06-04T01:24:10","guid":{"rendered":"https:\/\/fenilliadvogados.com.br\/?page_id=390"},"modified":"2025-06-04T00:03:41","modified_gmt":"2025-06-04T03:03:41","slug":"indenizacoes","status":"publish","type":"page","link":"https:\/\/fenilliadvogados.com.br\/?page_id=390","title":{"rendered":"Responsabilidade Civil e Direito \u00e0 Indeniza\u00e7\u00e3o"},"content":{"rendered":"\t\t<div data-elementor-type=\"wp-page\" data-elementor-id=\"390\" class=\"elementor elementor-390\" data-elementor-post-type=\"page\">\n\t\t\t\t\t\t<section class=\"elementor-section elementor-top-section elementor-element elementor-element-5913c90 elementor-section-boxed elementor-section-height-default elementor-section-height-default\" data-id=\"5913c90\" data-element_type=\"section\" data-e-type=\"section\">\n\t\t\t\t\t\t<div class=\"elementor-container elementor-column-gap-default\">\n\t\t\t\t\t<div class=\"elementor-column elementor-col-100 elementor-top-column elementor-element elementor-element-fa729e9\" data-id=\"fa729e9\" data-element_type=\"column\" data-e-type=\"column\">\n\t\t\t<div class=\"elementor-widget-wrap elementor-element-populated\">\n\t\t\t\t\t\t<div class=\"elementor-element elementor-element-989bef7 elementor-widget elementor-widget-heading\" data-id=\"989bef7\" data-element_type=\"widget\" data-e-type=\"widget\" data-widget_type=\"heading.default\">\n\t\t\t\t<div class=\"elementor-widget-container\">\n\t\t\t\t\t<h2 class=\"elementor-heading-title elementor-size-default\">Responsabilidade Civil e Indeniza\u00e7\u00f5es<\/h2>\t\t\t\t<\/div>\n\t\t\t\t<\/div>\n\t\t\t\t<div class=\"elementor-element elementor-element-8000281 elementor-widget elementor-widget-text-editor\" data-id=\"8000281\" data-element_type=\"widget\" data-e-type=\"widget\" data-widget_type=\"text-editor.default\">\n\t\t\t\t<div class=\"elementor-widget-container\">\n\t\t\t\t\t\t\t\t\t<p data-start=\"239\" data-end=\"588\"><img fetchpriority=\"high\" decoding=\"async\" class=\"alignleft wp-image-141 size-full\" src=\"https:\/\/fenilliadvogados.com.br\/wp-content\/uploads\/2025\/02\/indenizacoes1.jpg\" alt=\"\" width=\"400\" height=\"267\" srcset=\"https:\/\/fenilliadvogados.com.br\/wp-content\/uploads\/2025\/02\/indenizacoes1.jpg 400w, https:\/\/fenilliadvogados.com.br\/wp-content\/uploads\/2025\/02\/indenizacoes1-300x200.jpg 300w\" sizes=\"(max-width: 400px) 100vw, 400px\" \/>No campo do Direito Civil, a <strong data-start=\"268\" data-end=\"298\">responsabilidade por danos<\/strong> surge sempre que uma conduta \u2014 seja por a\u00e7\u00e3o ou omiss\u00e3o \u2014 causa preju\u00edzo a outrem. Esses danos podem decorrer de <strong data-start=\"412\" data-end=\"437\">acidentes de tr\u00e2nsito<\/strong>, <strong data-start=\"439\" data-end=\"468\">descumprimento contratual<\/strong>, <strong data-start=\"470\" data-end=\"510\">fornecimento de produtos defeituosos<\/strong>, <strong data-start=\"512\" data-end=\"547\">falhas na presta\u00e7\u00e3o de servi\u00e7os<\/strong>, ou ainda de <strong data-start=\"561\" data-end=\"587\">atos il\u00edcitos em geral<\/strong>.<\/p><p data-start=\"590\" data-end=\"751\">A repara\u00e7\u00e3o do dano busca restabelecer, tanto quanto poss\u00edvel, a situa\u00e7\u00e3o anterior ao evento lesivo, por meio de <strong data-start=\"703\" data-end=\"718\">indeniza\u00e7\u00e3o<\/strong>. Essa compensa\u00e7\u00e3o pode abranger:<\/p><ul data-start=\"753\" data-end=\"1065\"><li data-start=\"753\" data-end=\"824\"><p data-start=\"755\" data-end=\"824\"><strong data-start=\"755\" data-end=\"777\">Danos patrimoniais<\/strong>, relacionados a preju\u00edzos materiais concretos;<\/p><\/li><li data-start=\"825\" data-end=\"909\"><p data-start=\"827\" data-end=\"909\"><strong data-start=\"827\" data-end=\"843\">Danos morais<\/strong>, quando atingem a dignidade, honra ou esfera emocional da v\u00edtima;<\/p><\/li><li data-start=\"910\" data-end=\"973\"><p data-start=\"912\" data-end=\"973\"><strong data-start=\"912\" data-end=\"931\">Danos est\u00e9ticos<\/strong>, quando h\u00e1 altera\u00e7\u00e3o da apar\u00eancia f\u00edsica;<\/p><\/li><li data-start=\"974\" data-end=\"1065\"><p data-start=\"976\" data-end=\"1065\">E, em casos espec\u00edficos, <strong data-start=\"1001\" data-end=\"1021\">lucros cessantes<\/strong> e <strong data-start=\"1024\" data-end=\"1044\">danos emergentes<\/strong>, quando comprovados.<\/p><\/li><\/ul><p data-start=\"1067\" data-end=\"1293\">A legisla\u00e7\u00e3o brasileira adota o princ\u00edpio da <strong data-start=\"1112\" data-end=\"1142\">repara\u00e7\u00e3o integral do dano<\/strong>, sendo poss\u00edvel responsabilizar tanto pessoas f\u00edsicas quanto jur\u00eddicas, inclusive por atos cometidos por seus representantes, prepostos ou empregados.<\/p><p data-start=\"1295\" data-end=\"1654\">O <strong data-start=\"1297\" data-end=\"1329\">Escrit\u00f3rio Fenilli Advogados<\/strong> atua com excel\u00eancia na an\u00e1lise e condu\u00e7\u00e3o de casos relacionados \u00e0 responsabilidade civil, sempre com foco na <strong data-start=\"1439\" data-end=\"1474\">garantia dos direitos da v\u00edtima<\/strong> e na obten\u00e7\u00e3o da <strong data-start=\"1492\" data-end=\"1511\">justa repara\u00e7\u00e3o<\/strong>. Nossa equipe est\u00e1 preparada para oferecer orienta\u00e7\u00e3o jur\u00eddica completa, avaliando as particularidades de cada caso em consulta personalizada.<\/p>\t\t\t\t\t\t\t\t<\/div>\n\t\t\t\t<\/div>\n\t\t\t\t\t<\/div>\n\t\t<\/div>\n\t\t\t\t\t<\/div>\n\t\t<\/section>\n\t\t\t\t<\/div>\n\t\t","protected":false},"excerpt":{"rendered":"<p>Responsabilidade Civil e Indeniza\u00e7\u00f5es No campo do Direito Civil, a responsabilidade por danos surge sempre que uma conduta \u2014 seja por a\u00e7\u00e3o ou omiss\u00e3o \u2014 causa preju\u00edzo a outrem. Esses danos podem decorrer de acidentes de tr\u00e2nsito, descumprimento contratual, fornecimento de produtos defeituosos, falhas na presta\u00e7\u00e3o de servi\u00e7os, ou ainda de atos il\u00edcitos em geral. [&hellip;]<\/p>\n","protected":false},"author":2,"featured_media":0,"parent":0,"menu_order":0,"comment_status":"closed","ping_status":"closed","template":"elementor_header_footer","meta":{"footnotes":""},"class_list":["post-390","page","type-page","status-publish","hentry"],"_links":{"self":[{"href":"https:\/\/fenilliadvogados.com.br\/index.php?rest_route=\/wp\/v2\/pages\/390","targetHints":{"allow":["GET"]}}],"collection":[{"href":"https:\/\/fenilliadvogados.com.br\/index.php?rest_route=\/wp\/v2\/pages"}],"about":[{"href":"https:\/\/fenilliadvogados.com.br\/index.php?rest_route=\/wp\/v2\/types\/page"}],"author":[{"embeddable":true,"href":"https:\/\/fenilliadvogados.com.br\/index.php?rest_route=\/wp\/v2\/users\/2"}],"replies":[{"embeddable":true,"href":"https:\/\/fenilliadvogados.com.br\/index.php?rest_route=%2Fwp%2Fv2%2Fcomments&post=390"}],"version-history":[{"count":7,"href":"https:\/\/fenilliadvogados.com.br\/index.php?rest_route=\/wp\/v2\/pages\/390\/revisions"}],"predecessor-version":[{"id":454,"href":"https:\/\/fenilliadvogados.com.br\/index.php?rest_route=\/wp\/v2\/pages\/390\/revisions\/454"}],"wp:attachment":[{"href":"https:\/\/fenilliadvogados.com.br\/index.php?rest_route=%2Fwp%2Fv2%2Fmedia&parent=390"}],"curies":[{"name":"wp","href":"https:\/\/api.w.org\/{rel}","templated":true}]}}