{"id":43,"date":"2025-01-31T00:52:15","date_gmt":"2025-01-31T03:52:15","guid":{"rendered":"https:\/\/fenilliadvogados.com.br\/?page_id=43"},"modified":"2025-06-04T00:03:15","modified_gmt":"2025-06-04T03:03:15","slug":"escritorio","status":"publish","type":"page","link":"https:\/\/fenilliadvogados.com.br\/?page_id=43","title":{"rendered":"O Escrit\u00f3rio"},"content":{"rendered":"\t\t<div data-elementor-type=\"wp-page\" data-elementor-id=\"43\" class=\"elementor elementor-43\" data-elementor-post-type=\"page\">\n\t\t\t\t\t\t<section class=\"elementor-section elementor-top-section elementor-element elementor-element-41e5952 elementor-section-boxed elementor-section-height-default elementor-section-height-default\" data-id=\"41e5952\" data-element_type=\"section\" data-e-type=\"section\">\n\t\t\t\t\t\t<div class=\"elementor-container elementor-column-gap-default\">\n\t\t\t\t\t<div class=\"elementor-column elementor-col-100 elementor-top-column elementor-element elementor-element-2ada890\" data-id=\"2ada890\" data-element_type=\"column\" data-e-type=\"column\">\n\t\t\t<div class=\"elementor-widget-wrap elementor-element-populated\">\n\t\t\t\t\t\t<div class=\"elementor-element elementor-element-b8d88a5 elementor-widget elementor-widget-heading\" data-id=\"b8d88a5\" data-element_type=\"widget\" data-e-type=\"widget\" data-widget_type=\"heading.default\">\n\t\t\t\t<div class=\"elementor-widget-container\">\n\t\t\t\t\t<h2 class=\"elementor-heading-title elementor-size-default\">O escrit\u00f3rio<\/h2>\t\t\t\t<\/div>\n\t\t\t\t<\/div>\n\t\t\t\t<div class=\"elementor-element elementor-element-e7ee49d elementor-widget elementor-widget-text-editor\" data-id=\"e7ee49d\" data-element_type=\"widget\" data-e-type=\"widget\" data-widget_type=\"text-editor.default\">\n\t\t\t\t<div class=\"elementor-widget-container\">\n\t\t\t\t\t\t\t\t\t<p style=\"font-weight: 400;\"><img fetchpriority=\"high\" decoding=\"async\" class=\"alignleft wp-image-48 size-full\" src=\"https:\/\/fenilliadvogados.com.br\/wp-content\/uploads\/2025\/01\/img_escritorio-600.jpg\" alt=\"\" width=\"600\" height=\"399\" srcset=\"https:\/\/fenilliadvogados.com.br\/wp-content\/uploads\/2025\/01\/img_escritorio-600.jpg 600w, https:\/\/fenilliadvogados.com.br\/wp-content\/uploads\/2025\/01\/img_escritorio-600-300x200.jpg 300w\" sizes=\"(max-width: 600px) 100vw, 600px\" \/>A sociedade Fenilli Advogados foi constitu\u00edda no ano de 2001, inspirada e incentivada pelo doutor At\u00edlio S\u00e9rgio Fenilli, que por sinal j\u00e1 contava \u00e0 \u00e9poca com mais de 35 anos de advocacia, acumulando, assim, vasta experi\u00eancia, enorme respeito e not\u00e1vel saber jur\u00eddico.<\/p><p style=\"font-weight: 400;\">Os doutores At\u00edlio S\u00e9rgio Fenilli, Evaldo de Freitas Fenilli e Patr\u00edcia de Freitas Fenilli, fundadores, decidiram transformar o anterior escrit\u00f3rio em uma firma de advocacia.<\/p><p style=\"font-weight: 400;\">A sociedade tem perfil voltado as necessidades dos clientes e pautada pela seriedade, estando adaptada ao cen\u00e1rio empresarial, onde atua ativamente na assessoria jur\u00eddica, visando a preven\u00e7\u00e3o e an\u00e1lise de riscos e conting\u00eancias, assim como na condu\u00e7\u00e3o direta das lides.<\/p><p style=\"font-weight: 400;\">Fenilli Advogados atua nas grandes \u00e1reas do Direito, sendo oportuno citar de passagem: Empresarial; Trabalhista e Civil.<\/p><p style=\"font-weight: 400;\">Com sede localizada em Crici\u00fama-SC, na regi\u00e3o carbon\u00edfera, tem prestado servi\u00e7os em todo o sul catarinense, bem como junto aos Tribunais, tendo muitas vezes atuado em outros Estados da Federa\u00e7\u00e3o, seja em lit\u00edgios ou em negocia\u00e7\u00f5es.<\/p>\t\t\t\t\t\t\t\t<\/div>\n\t\t\t\t<\/div>\n\t\t\t\t\t<\/div>\n\t\t<\/div>\n\t\t\t\t\t<\/div>\n\t\t<\/section>\n\t\t\t\t<\/div>\n\t\t","protected":false},"excerpt":{"rendered":"<p>O escrit\u00f3rio A sociedade Fenilli Advogados foi constitu\u00edda no ano de 2001, inspirada e incentivada pelo doutor At\u00edlio S\u00e9rgio Fenilli, que por sinal j\u00e1 contava \u00e0 \u00e9poca com mais de 35 anos de advocacia, acumulando, assim, vasta experi\u00eancia, enorme respeito e not\u00e1vel saber jur\u00eddico. Os doutores At\u00edlio S\u00e9rgio Fenilli, Evaldo de Freitas Fenilli e Patr\u00edcia [&hellip;]<\/p>\n","protected":false},"author":1,"featured_media":0,"parent":0,"menu_order":0,"comment_status":"closed","ping_status":"closed","template":"elementor_header_footer","meta":{"footnotes":""},"class_list":["post-43","page","type-page","status-publish","hentry"],"_links":{"self":[{"href":"https:\/\/fenilliadvogados.com.br\/index.php?rest_route=\/wp\/v2\/pages\/43","targetHints":{"allow":["GET"]}}],"collection":[{"href":"https:\/\/fenilliadvogados.com.br\/index.php?rest_route=\/wp\/v2\/pages"}],"about":[{"href":"https:\/\/fenilliadvogados.com.br\/index.php?rest_route=\/wp\/v2\/types\/page"}],"author":[{"embeddable":true,"href":"https:\/\/fenilliadvogados.com.br\/index.php?rest_route=\/wp\/v2\/users\/1"}],"replies":[{"embeddable":true,"href":"https:\/\/fenilliadvogados.com.br\/index.php?rest_route=%2Fwp%2Fv2%2Fcomments&post=43"}],"version-history":[{"count":10,"href":"https:\/\/fenilliadvogados.com.br\/index.php?rest_route=\/wp\/v2\/pages\/43\/revisions"}],"predecessor-version":[{"id":457,"href":"https:\/\/fenilliadvogados.com.br\/index.php?rest_route=\/wp\/v2\/pages\/43\/revisions\/457"}],"wp:attachment":[{"href":"https:\/\/fenilliadvogados.com.br\/index.php?rest_route=%2Fwp%2Fv2%2Fmedia&parent=43"}],"curies":[{"name":"wp","href":"https:\/\/api.w.org\/{rel}","templated":true}]}}